hat is the units digit of h?
0
Let y(d) be the third derivative of -d**7/1260 + d**6/72 - 7*d**5/15 + 26*d**2. Let p(u) be the third derivative of y(u). What is the units digit of p(-13)?
2
Let k = 41 + -37. Suppose 3*u - 1383 = -5*z + 284, -2774 = -5*u - k*z. What is the hundreds digit of u?
5
Suppose 0 = -43*z - 47*z + 887490. What is the units digit of z?
1
Let q = 1195 + 1635. Suppose -1370 = -28*r + q. What is the units digit of r?
0
Let x(k) = 271*k - 9 - 288*k - 10 + 8*k**2 + 7. What is the units digit of x(-6)?
8
Let p(v) = 3*v + 1. Let j be p(-1). Let m = 235 + -231. What is the units digit of (1 - 2/m)/(j/(-24))?
6
Let m(a) = 30*a**2 - 24*a - 225. What is the tens digit of m(-11)?
6
Suppose 2983 = 16*w - 11417. Suppose -2214 = -4*s - 3*y - 408, -2*s = 3*y - w. What is the units digit of s?
3
Suppose 4*q - 4*n = 1008, -3*q + 4*n + 746 = 3*n. Suppose 3*t - 518 = q. What is the hundreds digit of t + -1 + 4*3/6?
2
Let q(k) = -5*k**3 + 2*k**2 + 2*k + 1. Let o be 1*-3*3/9. Let i be q(o). Let g = i + 10. What is the tens digit of g?
1
Suppose b - 4 = 0, -3*p - 2*p = -b - 96. Suppose 2*z - p = -o, -4*o - 35 + 15 = -2*z. Suppose 226 - z = 6*f. What is the tens digit of f?
3
Let r = -43331 - -62660. What is the ten thousands digit of r?
1
Suppose -4*o = p - 228, -5*o - 255 = -p - 0*p. Let n = 225 + -365. Let y = n + p. What is the units digit of y?
0
Suppose 4*a + 4 = -12. Let s(y) = -2*y**3 - 8*y**2 - y + 8. Let p(u) = -u**2 + 1. Let o(n) = -3*p(n) + s(n). What is the tens digit of o(a)?
5
Suppose w + 34091 = 3*k, -74*k + 71*k + 34107 = 3*w. What is the ten thousands digit of k?
1
Let r(l) = -259*l + 959. What is the ten thousands digit of r(-90)?
2
Let t(u) = -17*u - 13. Let n(c) = 35*c + 28. Let p(a) = -3*n(a) - 5*t(a). What is the tens digit of p(-10)?
8
Let j be (6 - (-1 + 3)) + -6. Suppose -3*i - 313 = -5*o, -o - i - 2*i = -77. What is the tens digit of o*(-4)/8*j?
6
Suppose 6*i = 2*i + 5*l + 17, 2*i - 19 = -l. Suppose 2*c + i - 384 = 0. Suppose c*a - 110 = 183*a. What is the units digit of a?
2
Let p(r) = 1647*r**2 - 57*r + 264. What is the tens digit of p(4)?
8
Let d be -6 - (57 - (-56)/8). Let p = d - -677. What is the units digit of p?
7
What is the ten thousands digit of 1681564/93 - (-32)/12?
1
Let r(l) = -1652*l - 430. What is the units digit of r(-9)?
8
Suppose 5*b = -4*f + 53357, -42688 = -26*b + 22*b - 2*f. What is the ten thousands digit of b?
1
Let k be (-12)/(-7)*(-21)/(-6). Let g(v) be the third derivative of v**5/12 - v**4/3 + 4*v**3 - v**2 - 5. What is the hundreds digit of g(k)?
1
Suppose 28 = 7*o + 7. Let i be (6/5)/(o + (-132)/45). What is the hundreds digit of 2516/i + 0 - 18/(-81)?
1
Suppose 0 = -2*a + 38 - 8. Suppose -3*g + 0 = a, 5*k - 3*g = 55. What is the units digit of 396/k*(-2)/(-3)?
3
What is the ten thousands digit of (3 - -30967)/(-13 - (-13 - 2))?
1
Let j(x) = -9*x**3 - 9*x**2 - 2*x + 4. Let z be j(4). What is the tens digit of (z/(-4) - -2) + 2?
8
Let a = 356 + -352. What is the units digit of 1*(a - -1013) + 10/2?
2
Let j be (-2)/4 - 35/(-70). Suppose j = 5*l + 3*f - 4181, -f = f - 4. What is the tens digit of l?
3
What is the thousands digit of ((-2004)/36 - 22)/(1 - 1335/1332)?
4
Let t = -150 + 141. Let r be 0 - t/((-54)/516). What is the units digit of r*((-18)/4 - -3)?
9
Let o(c) = -c**3 + 6*c**2 + 7*c + 13. Let t be o(7). Let u be ((-74)/(-3))/(t/39). Let s = u + -9. What is the tens digit of s?
6
Let y(a) = 55*a**2 + 23*a - 12. What is the units digit of y(7)?
4
Let w = 51 + -46. Suppose 3*f + 180 = 4*p + 5*f, 0 = -w*f + 20. What is the tens digit of p?
4
Let h(u) = -107*u + 133. Let w be ((-6)/(-54) + 0)*-21*3. What is the units digit of h(w)?
2
Let w(t) = 6*t**2 + 6*t - 4. Let m be w(1). What is the hundreds digit of (4/m)/((-9)/(-21060))?
1
Suppose 0 = -2*p + 3*p - x - 21, -2*p - 2*x + 38 = 0. Suppose 3*i = -p*i + 15410. What is the tens digit of i?
7
Suppose -2*n - 45*y + 50208 = -40*y, 4*n + y - 100344 = 0. What is the units digit of n?
4
Suppose 41 = 2*k - 29. Let t = k + -13. Suppose 46 = 2*q + t. What is the units digit of q?
2
Let k(l) = -5*l - 29. Let a be k(-6). Suppose 4*x + 3 = -z, -3*z - 2*x + a = -0. What is the units digit of 982/6 - (-3)/9*z?
4
Let b be 90/(-135) + 0 + 11012/(-6). Let q = -1013 - b. What is the units digit of q?
3
Let k = -16 - -51. Suppose -2*u + k = -3*a, 0 = -2*u - 0*u + 5*a + 45. What is the tens digit of (0 - (-6)/u) + (-177)/(-5)?
3
What is the units digit of (-1298796)/(-72) - (-5)/36*-6?
8
Suppose 0 = 29*m - 30*m + 71. Suppose 3*x - 58 = m. What is the units digit of x?
3
Suppose -1084 = -s - 5*z - 29, -4*z + 5212 = 5*s. Suppose s = 2*t + 4*o, 81*o + 1516 = 3*t + 76*o. What is the tens digit of t?
1
Let c(u) = u**3 - 4*u**2 + 4*u + 10. Let h be c(3). What is the units digit of (-10)/65 + (-24)/h + 541?
9
Let z(p) = -p**3 + 9*p**2. Let b be z(9). Let d = b + 8. Suppose 245 + 155 = d*r. What is the units digit of r?
0
Let l(m) = m**3 + 15*m**2 - 26*m - 23. Let n(f) = -5*f + 16. Let j be n(6). What is the units digit of l(j)?
7
Suppose 0 = -4*u + 3*d + 23471, -9*u - 2*d = -8*u - 5854. What is the thousands digit of u?
5
Let b = 1 + 2. Let y be (-6060)/8*(-34)/51. Suppose -4*w + 109 = u, b*u + 205 = -3*w + y. What is the tens digit of u?
9
What is the units digit of (-3)/(-6)*(1035084/32 - 30/80)?
3
Let b(w) = -w**2 + 25*w + 18. Let f(c) = 28*c - 11. Let g be f(-10). Let o be (-12)/(-20) - g/15. What is the units digit of b(o)?
8
Let q(k) = -k**3 - 14*k**2 - 6*k - 237. What is the hundreds digit of q(-32)?
3
Suppose 7*o - 2764 = -10*o + 23348. What is the units digit of o?
6
Suppose 5*x = 2*x - 489. Let z = 265 + x. Let l = -39 + z. What is the units digit of l?
3
Let z = 119 + -73. Let q = 38 - z. What is the units digit of 4416/54 - q/36?
2
Suppose -k = -5*i + 311, 0 = 4*i + i + 5*k - 335. Let n = i + -51. Let o(q) = -q**2 + 13*q - 6. What is the units digit of o(n)?
6
What is the hundreds digit of (-6)/15 + (-29285)/(-25) + -1?
1
Suppose 4*x - 200 = 4*n, -2*n - 2*x + 6*x = 110. Let b = 145 + n. Let a = b - 12. What is the tens digit of a?
8
Let a = 2856 - -336. Suppose 12*v - 6*v = a. What is the hundreds digit of v?
5
Let p = 11360 + 10171. What is the thousands digit of p?
1
Let m = -79 + 122. Let x = m - 137. Let a = -40 - x. What is the units digit of a?
4
Let n(g) = -4*g**3 - 7*g**2 - 7*g + 4*g**3 + 4*g**3 - 5*g**3. Let a be n(-6). Suppose -a*r = 4*r - 600. What is the units digit of r?
0
Suppose -4*o + 4*p + 163 = o, -3*o = 2*p - 89. Let r = -53 + o. Let c = -10 - r. What is the units digit of c?
2
What is the units digit of (-2)/3 - (-32 + 389120/(-120))?
4
Let q(i) = 99*i**2 - 15*i - 7. Let k be q(6). Let g = k - 2186. What is the units digit of g?
1
Suppose -32*r = -5*c - 29*r + 9, 5*r - 1 = 3*c. Suppose -1954 = -5*q + 4*n, -4*n = -n + c. What is the hundreds digit of q?
3
Let o be (9 + -8 - -11)*(-65)/(-3). Let k = 667 - o. What is the units digit of k?
7
What is the thousands digit of 182/65*222/(-7)*1280/(-12)?
9
Let q = 193189 - 114614. What is the units digit of q?
5
Suppose -5*p - 615 + 3270 = 0. Let x = 5 + p. What is the units digit of x?
6
Let s(h) = -h**2 + 13*h - 28. Let j be s(10). Suppose j*x = 5*v - 380, -3*x - 70 = 3*v - 277. Suppose g - 220 = -v. What is the tens digit of g?
4
Suppose -24 = 2*n - 6*n. Suppose 8*q + 1232 = -n*q. Let t = -44 - q. What is the tens digit of t?
4
Suppose 477 = 17*m - 20*m. Let h = m - -292. What is the tens digit of h?
3
Let v be -5*(3/1 + 51/(-15)). Suppose -v*g - 32 = -4*u, 5*u + g = 2*g + 34. Suppose 164 = -u*f + 986. What is the hundreds digit of f?
1
Let f(w) = 2*w**2 + 29*w + 21. Suppose -7*i + 5*i - 28 = 0. Let c be f(i). Suppose -69 = c*t - 1042. What is the tens digit of t?
3
Let b be (2 - 3) + 3 + -1*2. Let j be -3 - b/1 - (6 + -3). What is the tens digit of 1 + j + (-942)/(-6)?
5
Let c(l) = -3*l + 15. Let j be c(-5). Let n = -29 + j. What is the units digit of (90 - -9)/((2/2)/n)?
9
Let k be (5 - 3)*(0 - (0 + -1)). Suppose -5*g - 815 = a, -k*a + a = 5. What is the tens digit of g*(-1)/2 + 1?
8
Let c = 17444 - -28826. What is the thousands digit of c?
6
Let v(a) be the first derivative of a**4/2 + 3*a**2 + 8*a - 7. Let j be v(-2). What is the units digit of (-2145)/j - (-10)/(-8)?
6
Let j(w